f h?
7
Let k(j) = -j**2 - 5*j + 20. Let i be k(-8). Let d = 11 - i. Suppose 0 = 5*n - d, -2*n + 0*n - 102 = -4*v. What is the units digit of v?
7
Suppose 0 = -16*s + 146 + 62. Let x = s - -823. What is the hundreds digit of x?
8
Let w be 1 + (246 - -2 - 2) - -2. Suppose -w + 1395 = 2*b. What is the units digit of b?
3
Suppose 440 = 367*m - 365*m. Suppose m = 19*s - 14372. What is the tens digit of s?
6
Let h(z) = -z + 180. Let o(n) = 541. Let g(k) = 7*h(k) - 2*o(k). What is the units digit of g(10)?
8
Let f(y) be the first derivative of 4/3*y**3 - 5/2*y**2 - 3 + 4*y + 1/2*y**4. What is the units digit of f(3)?
9
Let b(z) = -z**3 - 3*z**2 - 10*z + 3. Suppose 9 = 4*v + q, 0*v - 5*v + q = -18. Suppose 30 = -4*o - v*p, -39 + 7 = 5*o + p. What is the tens digit of b(o)?
7
Suppose -215*a + q - 28229 = -216*a, -a + 28214 = 4*q. What is the ten thousands digit of a?
2
What is the thousands digit of -15 - (19 + -38971) - (0 + 2 + -6)?
8
Let r(i) = -15*i**2 - 8*i - i - 224 + 236 + 2*i**3. What is the hundreds digit of r(11)?
7
Let j(a) = -13756*a + 449. What is the units digit of j(-1)?
5
Let g(l) = -l**2 + 17. Let s be g(0). Suppose -s = r + b, -5*b + 23 - 6 = -r. Let j(a) = a**3 + 18*a**2 + 10*a - 15. What is the tens digit of j(r)?
0
Let b(n) be the first derivative of 47*n**2/2 + 112*n + 174. What is the hundreds digit of b(6)?
3
Let p(j) = -j**3 + 2*j**2 + 6*j + 12. Let u be p(4). Suppose -u*t = 3*s - 6*s + 883, 3*t - 1462 = -5*s. What is the tens digit of s?
9
Let b(f) = f**2 - 109*f - 2418. What is the tens digit of b(-39)?
5
Suppose -2*v + v = 11*v - 79308. What is the hundreds digit of v?
6
Suppose a = -5, q + 0*a + 81 = 4*a. Let p = -168 + q. Let x = p - -376. What is the hundreds digit of x?
1
Let h(w) = 19*w**2 - 4*w - 8. Let r be h(-2). Suppose 0 = -2*y + 3*o + r + 127, y + 2*o = 105. What is the units digit of y?
3
Let c = -115 + 123. Suppose c*a = a + 1477. What is the hundreds digit of a?
2
What is the ten thousands digit of (70/9 - 2/(-9))*(2320 + -5)?
1
Let t be ((-342)/285)/((-2)/5). Suppose -1764 = -t*y - n, -4*n - 103 = y - 702. What is the tens digit of y?
8
Let g = 63481 - 36425. What is the units digit of g?
6
Let z = -20420 - -58925. What is the hundreds digit of z?
5
Suppose -33*f - 3*w = -30*f - 32529, -f = -3*w - 10843. What is the units digit of f?
3
What is the units digit of 619758/26 - 2 - 4/(-26)?
5
Suppose 2*r + 7567 = s, -18*s + 5*r = -22*s + 30333. What is the thousands digit of s?
7
Suppose -6*u + 6249 = -7491. What is the units digit of u?
0
Let q(k) = -6*k**3 - 2*k**2 - 9*k + 42441. What is the thousands digit of q(0)?
2
Suppose p - 7 = -q, -16 + 3 = q - 4*p. Suppose 4*f - 5*f - q = 0, 3*x = -5*f - 480. What is the tens digit of (-300)/(-500)*(x - 0)/(-1)?
9
Let m(v) = -4*v**3 - 2*v**2 - 11*v - 76. Let u(h) = -3*h**3 - 2*h**2 - 7*h - 75. Let d(o) = 2*m(o) - 3*u(o). What is the units digit of d(7)?
7
What is the ten thousands digit of (-12)/(-8)*(-2978524)/(-129)?
3
Let y = 11351 + -2800. What is the hundreds digit of y?
5
Let h be ((-3)/15*-3)/((-1)/(-15)). Suppose -11*a + 20 = -h*a. Let r = 3 + a. What is the units digit of r?
3
Let p(m) = -672*m - 21. Suppose -3 = 16*q - 13*q. What is the units digit of p(q)?
1
Let d = -103 - -102. Let u be 2 - ((-6)/5 + d/(-5)). Suppose 4*j = u*i + 302, -3*j + 366 = 2*j + 2*i. What is the units digit of j?
4
Suppose 0 = -6*s + 9*s - 24. Let g be 2/s*6 + (-325)/(-26). Let a(l) = 2*l**2 - 19*l + 17. What is the tens digit of a(g)?
4
Suppose 0 = c - 4*c + 3, -5*x + c = -44. Suppose -6*j - 1563 = -x*j. What is the hundreds digit of j?
5
Suppose -91*r + 96*r - 2185 = 0. Suppose -3*s - r = -2474. What is the units digit of s?
9
Suppose -m = 5*y - 3*y + 17, 2*m + 6 = 0. Let s be (8 + 0)/(-2) - y. Suppose -2*j - 313 = -3*b, -343 = -s*b + 4*j - 26. What is the hundreds digit of b?
1
Let b be -2 - 1 - (-9 - -2). Let q(c) = 3*c**2 + 12*c - 4*c + 0*c - b*c. What is the tens digit of q(6)?
3
Let x(k) = -k + 25. Let i be x(26). What is the hundreds digit of (-239404)/(-352) + i/8?
6
Let i be (4 + -3)/2*14. Suppose i*l - 20 = -3*l. Suppose l*u - t - 68 = 0, 4*t = 5*u - 0*u - 167. What is the tens digit of u?
3
Let f(v) = -v**3 - 21*v**2 - 21*v - 18. Let g be f(-20). Suppose 3 = g*o - 5*z - 58, o = 4*z + 29. What is the units digit of o?
3
Let p be (-925)/(-35) - (-36)/(-84). Let x(s) = -3*s - 4. Let k be x(-3). Suppose 6*f - k*f = p. What is the tens digit of f?
2
Suppose 0 = -3*a + 2*n + 4268, 0 = -a - 3*n + 1257 + 151. Suppose 4*d = -292 + a. What is the units digit of d?
2
What is the thousands digit of (15 + 0)*(1/((-45)/(-68775)) + -7)?
2
Let i(t) = -t**3 - 12*t**2 + 3*t + 30. Let k be i(-12). Let j be 9 + k - (3 - 0). Suppose g = -2*f + 55, -f - 220 = -5*g - j*g. What is the units digit of g?
5
Let b(z) = 10*z**3 - 4*z**2 + 6*z - 13. Let q(p) = 9*p**3 - 3*p**2 + 4*p - 11. Let o(h) = 5*b(h) - 6*q(h). What is the units digit of o(-6)?
7
Let v be 3/(-6) - (-85)/(-2). Let i = 45 + v. Suppose -4*j + i*j + y = -20, -3*y + 17 = j. What is the tens digit of j?
1
What is the hundreds digit of (57 - (-24 + 19))/(4/278)?
3
Suppose 34*m + 975366 + 192371 = 105*m. What is the tens digit of m?
4
Let y = 2081 + 50339. What is the ten thousands digit of y?
5
Let h(w) = -123*w - 1. Let r be h(-3). What is the units digit of 46/r - (-7358)/16?
0
Let b = -189 + 306. What is the hundreds digit of 445 + (364/b - (-1)/(-9))?
4
Let z(v) = 125*v**2 - 300*v + 95. What is the ten thousands digit of z(13)?
1
Suppose -3*k + 2 = -v + 15, -v = 5*k + 3. What is the units digit of 42/v + 39*70/5?
2
Let n(m) = 59*m**3 + 18*m**2 - 17*m + 36. What is the hundreds digit of n(7)?
0
Suppose -5*g = 4*t - 27572, -2*g - 3*t = -4111 - 6922. What is the units digit of g?
2
Let j be (-8)/(-2)*(-21)/(-28). Suppose -2*q - 12 = -4*z, 6 - 2 = -z - j*q. Suppose -b - z*i = -5*b + 530, -5*b + 3*i = -662. What is the tens digit of b?
3
Suppose -4*n + 3*v = -484 - 7736, 0 = -n - 2*v + 2055. What is the tens digit of n?
5
Let r(x) = -1735*x - 25. Let s be r(-1). Let i = s + -879. What is the hundreds digit of i?
8
Let s = -251 - -389. Suppose 0 = 4*n - n + s. What is the tens digit of n/69 + (-89)/(-3)?
2
Suppose 8*y + 179 + 1197 = 0. Let d = y + 264. What is the tens digit of d?
9
Let o = -640 - -640. Let k(w) be the second derivative of -w**4/12 + w**3/6 + 6*w**2 + w. What is the units digit of k(o)?
2
Let u(a) be the first derivative of 22*a**2 - a - 156. What is the tens digit of u(5)?
1
Suppose 20*z = 23*z. Suppose 0 = 5*c - c, 4*o + 2*c - 1024 = z. What is the units digit of o?
6
Let i = -8059 + 28171. What is the ten thousands digit of i?
2
Let p be 3 + 7*(-5)/5. Let a(r) = -r**2 - 7*r - 7. Let k be a(-6). Let v = k - p. What is the units digit of v?
3
Let z = -24 - -96. Suppose z*l + 1696 = 74*l. What is the hundreds digit of l?
8
Suppose -25*g + 21*g = -100. Suppose 0 = 3*m - f - 0*f - 16, 0 = 5*f - g. Suppose -m*b + 1147 = -190. What is the units digit of b?
1
Suppose 187*t = 166*t + 225603. What is the ten thousands digit of t?
1
Suppose 47 = 147*a - 146*a. Suppose -q - 3*q + 244 = 0. Suppose -3*z + a = -q. What is the units digit of z?
6
Let t be 24/2*2/4. Let q(x) = 4*x**2 - 85*x - 66. Let j be q(22). What is the units digit of -4 + j + t + 51?
3
What is the thousands digit of (-74 - -3)/((-6)/1338)?
5
Suppose 336 = 47*y - 39*y. Suppose 3*r = -3*f + 36, -3*f + y = 2*r + 14. What is the units digit of r?
8
Let q(r) = 48*r**2 + 110. What is the hundreds digit of q(10)?
9
Suppose 8*u - 2*u - 18 = 0. Let j be (-106)/u*(-8)/((-40)/(-15)). Suppose 326 + j = 4*s. What is the hundreds digit of s?
1
Let q be (-3)/9*0/(-1). Suppose -13*w + w + 4548 = q. What is the hundreds digit of w?
3
Let q(w) be the second derivative of -7*w + 0 + 1/6*w**3 + w**2. What is the units digit of q(1)?
3
Let u be (-5 - -7) + 49*38. Suppose -14*x + 124 = -u. What is the hundreds digit of x?
1
Let r(n) = -5*n - 7. Let k be r(-2). Suppose -k*q = -3*o + 498, -q + 167 = o - 3*q. What is the units digit of o?
5
Let q(u) = 6*u**3 + 6*u - 176. Let a(t) = -5*t**3 - 5*t + 177. Let i(b) = 7*a(b) + 6*q(b). Let n be i(0). What is the tens digit of n*-3*1/(-9)?
6
Suppose 4*f - 12 = 5*m, 3*m = 6*f - 5*f - 3. Suppose 5*u = 2*z - 1283, m*z + 1281 = 2*z - 3*u. What is 